{"id":113,"date":"2022-04-13T11:24:44","date_gmt":"2022-04-13T11:24:44","guid":{"rendered":"https:\/\/fazamd.pl\/?page_id=113"},"modified":"2025-09-07T18:07:32","modified_gmt":"2025-09-07T18:07:32","slug":"notebooki","status":"publish","type":"page","link":"https:\/\/fazamd.pl\/index.php\/notebooki\/","title":{"rendered":"Naprawa notebok\u00f3w oraz laptop\u00f3w wszystkich producent\u00f3w."},"content":{"rendered":"\n<h2 class=\"wp-block-heading\">Opis<\/h2>\n\n\n\n<p>Mamy du\u017ce do\u015bwiadczenie w zakresie napraw p\u0142yt g\u0142\u00f3wnych notebook\u00f3w. Jak komputer si\u0119 nie uruchamia to nie oznacza \u017ce trzeba od razu zakupi\u0107 inna sprawn\u0105 p\u0142yt\u0119 g\u0142\u00f3wn\u0105. Cz\u0119sto te sprawne p\u0142yty s\u0105 gorsze od naszej uszkodzonej. Bo po naprawie mamy pewno\u015b\u0107 \u017ce usterka zosta\u0142a usuni\u0119ta a nie podreperowana przez wygrzanie p\u0142yty.<\/p>\n\n\n\n<p><\/p>\n\n\n\n<p>W razie ch\u0119ci naprawy w naszym serwisie nale\u017cy:<\/p>\n\n\n\n<p><\/p>\n\n\n\n<div class=\"wp-block-buttons is-layout-flex wp-block-buttons-is-layout-flex\">\n<div class=\"wp-block-button\"><a class=\"wp-block-button__link wp-element-button\" href=\"https:\/\/fazamd.pl\/index.php\/kontakt\/\" target=\"_blank\" rel=\"noreferrer noopener\">Dostarczy\u0107 sprz\u0119t osobi\u015bcie do naszego punktu przyj\u0119\u0107 lub wys\u0142a\u0107 ..<\/a><\/div>\n<\/div>\n\n\n\n<p>Lub<\/p>\n\n\n\n<div class=\"wp-block-buttons is-layout-flex wp-block-buttons-is-layout-flex\">\n<div class=\"wp-block-button\"><a class=\"wp-block-button__link wp-element-button\" href=\"https:\/\/fazamd.pl\/sklep\/uslugi\/407-usluga-naprawa-laptopa-notebooka.html\" target=\"_blank\" rel=\"noreferrer noopener\">Zakupi\u0107 us\u0142ug\u0119 naprawy i op\u0142aci\u0107 w naszym sklepie<\/a><\/div>\n<\/div>\n\n\n\n<p><\/p>\n\n\n\n<p><\/p>\n","protected":false},"excerpt":{"rendered":"<p>Opis Mamy du\u017ce do\u015bwiadczenie w zakresie napraw p\u0142yt g\u0142\u00f3wnych notebook\u00f3w. Jak komputer si\u0119 nie uruchamia to nie oznacza \u017ce trzeba od razu zakupi\u0107 inna sprawn\u0105 p\u0142yt\u0119 g\u0142\u00f3wn\u0105. Cz\u0119sto te sprawne p\u0142yty s\u0105 gorsze od naszej uszkodzonej. Bo po naprawie mamy pewno\u015b\u0107 \u017ce usterka zosta\u0142a usuni\u0119ta a nie podreperowana przez wygrzanie p\u0142yty. W razie ch\u0119ci naprawy<\/p>\n<div class=\"more-link\">\n\t\t\t\t <a href=\"https:\/\/fazamd.pl\/index.php\/notebooki\/\" class=\"btn theme-btn\"><span>Czytaj dalej <\/span><i class=\"icofont-thin-double-right\"><\/i><\/a>\n\t\t\t<\/div>\n","protected":false},"author":1,"featured_media":0,"parent":0,"menu_order":0,"comment_status":"closed","ping_status":"closed","template":"","meta":{"footnotes":""},"class_list":["post-113","page","type-page","status-publish","hentry"],"_links":{"self":[{"href":"https:\/\/fazamd.pl\/index.php\/wp-json\/wp\/v2\/pages\/113","targetHints":{"allow":["GET"]}}],"collection":[{"href":"https:\/\/fazamd.pl\/index.php\/wp-json\/wp\/v2\/pages"}],"about":[{"href":"https:\/\/fazamd.pl\/index.php\/wp-json\/wp\/v2\/types\/page"}],"author":[{"embeddable":true,"href":"https:\/\/fazamd.pl\/index.php\/wp-json\/wp\/v2\/users\/1"}],"replies":[{"embeddable":true,"href":"https:\/\/fazamd.pl\/index.php\/wp-json\/wp\/v2\/comments?post=113"}],"version-history":[{"count":25,"href":"https:\/\/fazamd.pl\/index.php\/wp-json\/wp\/v2\/pages\/113\/revisions"}],"predecessor-version":[{"id":509,"href":"https:\/\/fazamd.pl\/index.php\/wp-json\/wp\/v2\/pages\/113\/revisions\/509"}],"wp:attachment":[{"href":"https:\/\/fazamd.pl\/index.php\/wp-json\/wp\/v2\/media?parent=113"}],"curies":[{"name":"wp","href":"https:\/\/api.w.org\/{rel}","templated":true}]}}