{"id":50,"date":"2022-04-13T09:50:43","date_gmt":"2022-04-13T09:50:43","guid":{"rendered":"https:\/\/fazamd.pl\/?page_id=50"},"modified":"2025-09-07T18:23:54","modified_gmt":"2025-09-07T18:23:54","slug":"naprawa-konsol","status":"publish","type":"page","link":"https:\/\/fazamd.pl\/index.php\/naprawa-konsol\/","title":{"rendered":"Naprawa konsol : Xbox  oraz Playstation"},"content":{"rendered":"\n<h2 class=\"wp-block-heading\">Opis<\/h2>\n\n\n\n<p>Podana cena jest orientacyjn\u0105, zawarta w niej jest pe\u0142na diagnostyka oraz wst\u0119pny koszt naprawy. Je\u017celi naprawa zostanie w tej kwocie wykonana to nie dzwonimy z wycen\u0105.<\/p>\n\n\n\n<p>W razie ch\u0119ci naprawy w naszym serwisie nale\u017cy:<\/p>\n\n\n\n<p><\/p>\n\n\n\n<div class=\"wp-block-buttons is-layout-flex wp-block-buttons-is-layout-flex\">\n<div class=\"wp-block-button\"><a class=\"wp-block-button__link wp-element-button\" href=\"https:\/\/fazamd.pl\/index.php\/kontakt\/\" target=\"_blank\" rel=\"noreferrer noopener\">Dostarczy\u0107 sprz\u0119t osobi\u015bcie do naszego punktu przyj\u0119\u0107 lub wys\u0142a\u0107 ..<\/a><\/div>\n<\/div>\n\n\n\n<p>Lub<\/p>\n\n\n\n<div class=\"wp-block-buttons is-layout-flex wp-block-buttons-is-layout-flex\">\n<div class=\"wp-block-button\"><a class=\"wp-block-button__link wp-element-button\" href=\"https:\/\/fazamd.pl\/sklep\/uslugi\/397-usluga-naprawa-konsol-xbox-i-playstation.html\" target=\"_blank\" rel=\"noreferrer noopener\">Zakupi\u0107 us\u0142ug\u0119 naprawy i op\u0142aci\u0107 w naszym sklepie<\/a><\/div>\n<\/div>\n\n\n\n<p><\/p>\n\n\n\n<p>Zapraszamy!<\/p>\n\n\n\n<p><\/p>\n","protected":false},"excerpt":{"rendered":"<p>Opis Podana cena jest orientacyjn\u0105, zawarta w niej jest pe\u0142na diagnostyka oraz wst\u0119pny koszt naprawy. Je\u017celi naprawa zostanie w tej kwocie wykonana to nie dzwonimy z wycen\u0105. W razie ch\u0119ci naprawy w naszym serwisie nale\u017cy: Lub Zapraszamy!<\/p>\n","protected":false},"author":1,"featured_media":0,"parent":0,"menu_order":0,"comment_status":"closed","ping_status":"closed","template":"","meta":{"footnotes":""},"class_list":["post-50","page","type-page","status-publish","hentry"],"_links":{"self":[{"href":"https:\/\/fazamd.pl\/index.php\/wp-json\/wp\/v2\/pages\/50","targetHints":{"allow":["GET"]}}],"collection":[{"href":"https:\/\/fazamd.pl\/index.php\/wp-json\/wp\/v2\/pages"}],"about":[{"href":"https:\/\/fazamd.pl\/index.php\/wp-json\/wp\/v2\/types\/page"}],"author":[{"embeddable":true,"href":"https:\/\/fazamd.pl\/index.php\/wp-json\/wp\/v2\/users\/1"}],"replies":[{"embeddable":true,"href":"https:\/\/fazamd.pl\/index.php\/wp-json\/wp\/v2\/comments?post=50"}],"version-history":[{"count":17,"href":"https:\/\/fazamd.pl\/index.php\/wp-json\/wp\/v2\/pages\/50\/revisions"}],"predecessor-version":[{"id":523,"href":"https:\/\/fazamd.pl\/index.php\/wp-json\/wp\/v2\/pages\/50\/revisions\/523"}],"wp:attachment":[{"href":"https:\/\/fazamd.pl\/index.php\/wp-json\/wp\/v2\/media?parent=50"}],"curies":[{"name":"wp","href":"https:\/\/api.w.org\/{rel}","templated":true}]}}