{"id":513,"date":"2025-09-07T18:13:23","date_gmt":"2025-09-07T18:13:23","guid":{"rendered":"https:\/\/fazamd.pl\/?page_id=513"},"modified":"2025-09-07T18:19:10","modified_gmt":"2025-09-07T18:19:10","slug":"wymiana-naprawa-gniazd-procesora","status":"publish","type":"page","link":"https:\/\/fazamd.pl\/index.php\/wymiana-naprawa-gniazd-procesora\/","title":{"rendered":"Wymiana gniazda procesora CPU"},"content":{"rendered":"\n<p>Mamy du\u017ce do\u015bwiadczenie w zakresie wymian gniazd CPU. Je\u017celi twoja p\u0142yta g\u0142\u00f3wna przesta\u0142a wykrywa\u0107 kt\u00f3ry\u015b bank pami\u0119ci lub ma problem z wykryciem CPU najcz\u0119\u015bciej jest winne po\u0142\u0105czenie pod gniazdem procesora. Ci\u0119\u017ckie uk\u0142ady ch\u0142odzenia lub zbyt mocno przykr\u0119cone powoduj\u0105 odkszta\u0142cenie si\u0119 laminatu lub samych kuleczek BGA .<\/p>\n\n\n\n<p>W razie ch\u0119ci naprawy w naszym serwisie nale\u017cy:<\/p>\n\n\n\n<p><\/p>\n\n\n\n<div class=\"wp-block-buttons is-layout-flex wp-block-buttons-is-layout-flex\">\n<div class=\"wp-block-button\"><a class=\"wp-block-button__link wp-element-button\" href=\"https:\/\/fazamd.pl\/index.php\/kontakt\/\">Dostarczy\u0107 sprz\u0119t osobi\u015bcie do naszego punktu przyj\u0119\u0107 lub wys\u0142a\u0107 ..<\/a><\/div>\n<\/div>\n\n\n\n<p>Lub<\/p>\n\n\n\n<p><\/p>\n\n\n\n<div class=\"wp-block-buttons is-layout-flex wp-block-buttons-is-layout-flex\">\n<div class=\"wp-block-button\"><a class=\"wp-block-button__link wp-element-button\" href=\"https:\/\/fazamd.pl\/sklep\/uslugi\/395-usluga-naprawa-wymiana-gniazd.html\" target=\"_blank\" rel=\"noreferrer noopener\">Zakupi\u0107 us\u0142ug\u0119 naprawy i op\u0142aci\u0107 w naszym sklepie<\/a><\/div>\n<\/div>\n\n\n\n<p><\/p>\n\n\n\n<p>Zapraszamy!<\/p>\n\n\n\n<p><\/p>\n\n\n\n<p><\/p>\n","protected":false},"excerpt":{"rendered":"<p>Mamy du\u017ce do\u015bwiadczenie w zakresie wymian gniazd CPU. Je\u017celi twoja p\u0142yta g\u0142\u00f3wna przesta\u0142a wykrywa\u0107 kt\u00f3ry\u015b bank pami\u0119ci lub ma problem z wykryciem CPU najcz\u0119\u015bciej jest winne po\u0142\u0105czenie pod gniazdem procesora. Ci\u0119\u017ckie uk\u0142ady ch\u0142odzenia lub zbyt mocno przykr\u0119cone powoduj\u0105 odkszta\u0142cenie si\u0119 laminatu lub samych kuleczek BGA . W razie ch\u0119ci naprawy w naszym serwisie nale\u017cy: Lub<\/p>\n<div class=\"more-link\">\n\t\t\t\t <a href=\"https:\/\/fazamd.pl\/index.php\/wymiana-naprawa-gniazd-procesora\/\" class=\"btn theme-btn\"><span>Czytaj dalej <\/span><i class=\"icofont-thin-double-right\"><\/i><\/a>\n\t\t\t<\/div>\n","protected":false},"author":1,"featured_media":0,"parent":0,"menu_order":0,"comment_status":"closed","ping_status":"closed","template":"","meta":{"footnotes":""},"class_list":["post-513","page","type-page","status-publish","hentry"],"_links":{"self":[{"href":"https:\/\/fazamd.pl\/index.php\/wp-json\/wp\/v2\/pages\/513","targetHints":{"allow":["GET"]}}],"collection":[{"href":"https:\/\/fazamd.pl\/index.php\/wp-json\/wp\/v2\/pages"}],"about":[{"href":"https:\/\/fazamd.pl\/index.php\/wp-json\/wp\/v2\/types\/page"}],"author":[{"embeddable":true,"href":"https:\/\/fazamd.pl\/index.php\/wp-json\/wp\/v2\/users\/1"}],"replies":[{"embeddable":true,"href":"https:\/\/fazamd.pl\/index.php\/wp-json\/wp\/v2\/comments?post=513"}],"version-history":[{"count":4,"href":"https:\/\/fazamd.pl\/index.php\/wp-json\/wp\/v2\/pages\/513\/revisions"}],"predecessor-version":[{"id":519,"href":"https:\/\/fazamd.pl\/index.php\/wp-json\/wp\/v2\/pages\/513\/revisions\/519"}],"wp:attachment":[{"href":"https:\/\/fazamd.pl\/index.php\/wp-json\/wp\/v2\/media?parent=513"}],"curies":[{"name":"wp","href":"https:\/\/api.w.org\/{rel}","templated":true}]}}