{"id":567,"date":"2025-09-19T09:14:30","date_gmt":"2025-09-19T09:14:30","guid":{"rendered":"https:\/\/fazamd.pl\/?page_id=567"},"modified":"2025-09-19T09:55:30","modified_gmt":"2025-09-19T09:55:30","slug":"uslugi-zdalnie","status":"publish","type":"page","link":"https:\/\/fazamd.pl\/index.php\/uslugi-zdalnie\/","title":{"rendered":"Pomoc zdalna"},"content":{"rendered":"\n<p><strong>Oferujemy r\u00f3wnie\u017c mo\u017cliwo\u015b\u0107 pomocy zdalnej. <\/strong><\/p>\n\n\n\n<p>Rozwi\u0105zujemy problemy:<br>&#8211; instalacj\u0105 oprogramowania<br>&#8211; instalacj\u0105 sterownik\u00f3w<br>&#8211; konfiguracj\u0105 sprz\u0119tu simracingowego<br>&#8211; inne problemy <\/p>\n\n\n\n<p><strong>Co trzeba zrobi\u0107 aby\u015bmy mogli udzieli\u0107 pomocy<\/strong><\/p>\n\n\n\n<div class=\"wp-block-group is-nowrap is-layout-flex wp-container-core-group-is-layout-ad2f72ca wp-block-group-is-layout-flex\">\n<p>Nale\u017cy pobra\u0107 program:<\/p>\n\n\n\n<div class=\"wp-block-buttons is-layout-flex wp-block-buttons-is-layout-flex\">\n<div class=\"wp-block-button\"><a class=\"wp-block-button__link wp-element-button\" href=\"https:\/\/anydesk.com\/pl\/downloads\/thank-you?dv=win_exe\">Pobierz AnyDesk<\/a><\/div>\n<\/div>\n<\/div>\n\n\n\n<p>Zapisa\u0107 i uruchomi\u0107 (nie trzeba instalowa\u0107). Na \u015brodku poka\u017ce si\u0119 numer &#8222;Twoje Urz\u0105dzenie:&#8221; widniej\u0105cy numer b\u0119dzie nam potrzebny do nawi\u0105zania pod\u0142\u0105czania. Oczywi\u015bci mo\u017cna u\u017cy\u0107 dowolnej aplikacji je\u017celi pa\u0144stwo takow\u0105 posiadacie. <br>Zalecamy jednak ten program poniewa\u017c, u\u017cytkownik decyduje jakie zmiany mo\u017cemy wprowadza\u0107 w jego urz\u0105dzeniu lub mo\u017cemy tylko oberwa\u0107 i dyktowa\u0107 wskaz\u00f3wki. <br>Po zamkni\u0119ciu programu dost\u0119p do urz\u0105dzenie b\u0119dzie niemo\u017cliwy. <br><br>Miedzy czasie nale\u017cy zadzwoni\u0107 do nas pod numer telefonu:<br> (PLAY): +48 790 442 901 lub Tel stacjonarny: (14) 62 57 093<\/p>\n\n\n\n<p>Wyja\u015bnij problem i um\u00f3w si\u0119 na konkretn\u0105 godzin\u0119 zdalnego po\u0142\u0105czenia (mo\u017cliwe \u017ce pomoc b\u0119dzie dost\u0119pna natychmiast).<\/p>\n\n\n\n<p><\/p>\n\n\n\n<p><strong>Rozliczenie za us\u0142ug\u0119 <\/strong><br>Mo\u017cemy si\u0119 rozliczy\u0107 za wykonanie czynno\u015bci poprzez &#8222;Blik&#8221; lub przelew na telefon. Wst\u0119pna kwota b\u0119dzie ustalona przed przyst\u0105pieniem do dzia\u0142a\u0144 z naszej strony i b\u0119dzie polega\u0142a na przedp\u0142acie przed wykonan\u0105 us\u0142ug\u0105 . <\/p>\n\n\n\n<p><strong>Zapraszamy <\/strong><\/p>\n","protected":false},"excerpt":{"rendered":"<p>Oferujemy r\u00f3wnie\u017c mo\u017cliwo\u015b\u0107 pomocy zdalnej. Rozwi\u0105zujemy problemy:&#8211; instalacj\u0105 oprogramowania&#8211; instalacj\u0105 sterownik\u00f3w&#8211; konfiguracj\u0105 sprz\u0119tu simracingowego&#8211; inne problemy Co trzeba zrobi\u0107 aby\u015bmy mogli udzieli\u0107 pomocy Nale\u017cy pobra\u0107 program: Zapisa\u0107 i uruchomi\u0107 (nie trzeba instalowa\u0107). Na \u015brodku poka\u017ce si\u0119 numer &#8222;Twoje Urz\u0105dzenie:&#8221; widniej\u0105cy numer b\u0119dzie nam potrzebny do nawi\u0105zania pod\u0142\u0105czania. Oczywi\u015bci mo\u017cna u\u017cy\u0107 dowolnej aplikacji je\u017celi pa\u0144stwo takow\u0105<\/p>\n<div class=\"more-link\">\n\t\t\t\t <a href=\"https:\/\/fazamd.pl\/index.php\/uslugi-zdalnie\/\" class=\"btn theme-btn\"><span>Czytaj dalej <\/span><i class=\"icofont-thin-double-right\"><\/i><\/a>\n\t\t\t<\/div>\n","protected":false},"author":1,"featured_media":0,"parent":0,"menu_order":0,"comment_status":"closed","ping_status":"closed","template":"","meta":{"footnotes":""},"class_list":["post-567","page","type-page","status-publish","hentry"],"_links":{"self":[{"href":"https:\/\/fazamd.pl\/index.php\/wp-json\/wp\/v2\/pages\/567","targetHints":{"allow":["GET"]}}],"collection":[{"href":"https:\/\/fazamd.pl\/index.php\/wp-json\/wp\/v2\/pages"}],"about":[{"href":"https:\/\/fazamd.pl\/index.php\/wp-json\/wp\/v2\/types\/page"}],"author":[{"embeddable":true,"href":"https:\/\/fazamd.pl\/index.php\/wp-json\/wp\/v2\/users\/1"}],"replies":[{"embeddable":true,"href":"https:\/\/fazamd.pl\/index.php\/wp-json\/wp\/v2\/comments?post=567"}],"version-history":[{"count":6,"href":"https:\/\/fazamd.pl\/index.php\/wp-json\/wp\/v2\/pages\/567\/revisions"}],"predecessor-version":[{"id":576,"href":"https:\/\/fazamd.pl\/index.php\/wp-json\/wp\/v2\/pages\/567\/revisions\/576"}],"wp:attachment":[{"href":"https:\/\/fazamd.pl\/index.php\/wp-json\/wp\/v2\/media?parent=567"}],"curies":[{"name":"wp","href":"https:\/\/api.w.org\/{rel}","templated":true}]}}