{"id":64,"date":"2022-04-13T09:55:19","date_gmt":"2022-04-13T09:55:19","guid":{"rendered":"https:\/\/fazamd.pl\/?page_id=64"},"modified":"2023-01-30T07:49:54","modified_gmt":"2023-01-30T07:49:54","slug":"systemow-alarmowych","status":"publish","type":"page","link":"https:\/\/fazamd.pl\/index.php\/systemow-alarmowych\/","title":{"rendered":"Montujemy systemy alarmowe oraz przeprowadzamy konserwacj\u0119"},"content":{"rendered":"\n<p>Od wielu lat zajmujemy si\u0119 monta\u017cami system\u00f3w alarmowych. <\/p>\n\n\n\n<p><mark style=\"background-color:#5b7081\" class=\"has-inline-color has-white-color\">Montujemy <strong>przewodowe<\/strong> systemy<\/mark> i  centrale  alarmowe renomowanej polskiej firmy <strong>SATEL<\/strong>  &#8211; ka\u017cda z wersji jest dopasowywana do potrzeb klienta.<\/p>\n\n\n\n<p>Jako elementy wykrywaj\u0105ce stosujemy czujniki takich firm jak <strong>BOSCH, SIEMENS, SATEL<\/strong>.  Z do\u015bwiadczenie wiemy, \u017ce czujki ruchu s\u0105 jedn\u0105 z najistotniejszych element\u00f3w w systemie alarmowy. Z tytu\u0142u niezawodno\u015bci dzia\u0142ania i wykrywania intruz\u00f3w, jak r\u00f3wnie\u017c od strony estetyki i wyko\u0144czenia wn\u0119trza &#8211; Klient tylko t\u0105 cz\u0119\u015b\u0107 systemu ma na &#8222;oku&#8221;  w ka\u017cdym pomieszczeniu. <\/p>\n\n\n\n<p><mark style=\"background-color:#63707a\" class=\"has-inline-color has-white-color\">Montujemy <strong>bezprzewodowe<\/strong> systemy<\/mark> , bardzo nowoczesne konfiguracj\u0119  firmy <strong>AJAX<\/strong>, kt\u00f3re umo\u017cliwiaj\u0105 zabezpieczenie mienia przez  system alarmowy jak r\u00f3wnie\u017c pozwalaj\u0105 w prosty spos\u00f3b zarz\u0105dzanie urz\u0105dzeniami wyj\u015bcia za pomoc\u0105 jednej aplikacji. Co przeistoczy nasze menie w system SMARTDOM. <\/p>\n\n\n\n<p>Dom, kamping, przyczepa, gara\u017c nawet znaczne oddalenie budynk\u00f3w nie wyklucza mo\u017cliwo\u015bci zabezpieczenie obiektu bez potrzeby kopania lub robienie dodatkowej instalacji elektrycznej. <\/p>\n\n\n\n<p>Dodatkow\u0105 zalet\u0105 tego rozwi\u0105zania jest r\u00f3\u017cnorodno\u015b\u0107 zasilania systemu mo\u017ce dzia\u0142a\u0107 na: 6V, 12V, 110V i 230V &#8211; co daje mo\u017cliwo\u015b\u0107 zastosowania sprz\u0119tu tam gdzie nie mamy sieci eklektycznej, na przyk\u0142ad w samochodach kampingowych lub w innych obiektach rekreacyjnych czy mobilnych.<\/p>\n\n\n\n<p><\/p>\n\n\n\n<p><\/p>\n\n\n\n<p>Wspieramy klient\u00f3w w trakcie projektowania systemu zabezpieczania domu i obiekt\u00f3w przydomowych, Jak r\u00f3wnie\u017c podczas monta\u017cu.<\/p>\n\n\n\n<p>Gwarantujemy przeszkolenie z obs\u0142ugi systemu po zako\u0144czeniu monta\u017cu i pomoc zdaln\u0105.<\/p>\n\n\n\n<p>Ka\u017cdy u\u017cytkownik mo\u017ce mie\u0107 pewno\u015b\u0107, \u017ce w przypadku awarii lub problem\u00f3w z systemem alarmowym, mo\u017ce liczy\u0107 na pomoc, zawsze jeste\u015bmy gotowi do pomocy nawet po godzinach pracy aby zapewni\u0107 komfort i bezpiecze\u0144stwo  u\u017cytkownikowi. <\/p>\n\n\n\n<p>Wsparcie udzielamy nawet po okresie gwarancji, dop\u00f3ki klient b\u0119dzie u\u017cytkowa\u0107 sprz\u0119t.<\/p>\n\n\n\n<p><\/p>\n","protected":false},"excerpt":{"rendered":"<p>Od wielu lat zajmujemy si\u0119 monta\u017cami system\u00f3w alarmowych. Montujemy przewodowe systemy i centrale alarmowe renomowanej polskiej firmy SATEL &#8211; ka\u017cda z wersji jest dopasowywana do potrzeb klienta. Jako elementy wykrywaj\u0105ce stosujemy czujniki takich firm jak BOSCH, SIEMENS, SATEL. Z do\u015bwiadczenie wiemy, \u017ce czujki ruchu s\u0105 jedn\u0105 z najistotniejszych element\u00f3w w systemie alarmowy. Z tytu\u0142u niezawodno\u015bci<\/p>\n<div class=\"more-link\">\n\t\t\t\t <a href=\"https:\/\/fazamd.pl\/index.php\/systemow-alarmowych\/\" class=\"btn theme-btn\"><span>Czytaj dalej <\/span><i class=\"icofont-thin-double-right\"><\/i><\/a>\n\t\t\t<\/div>\n","protected":false},"author":1,"featured_media":0,"parent":0,"menu_order":0,"comment_status":"closed","ping_status":"closed","template":"","meta":{"footnotes":""},"class_list":["post-64","page","type-page","status-publish","hentry"],"_links":{"self":[{"href":"https:\/\/fazamd.pl\/index.php\/wp-json\/wp\/v2\/pages\/64","targetHints":{"allow":["GET"]}}],"collection":[{"href":"https:\/\/fazamd.pl\/index.php\/wp-json\/wp\/v2\/pages"}],"about":[{"href":"https:\/\/fazamd.pl\/index.php\/wp-json\/wp\/v2\/types\/page"}],"author":[{"embeddable":true,"href":"https:\/\/fazamd.pl\/index.php\/wp-json\/wp\/v2\/users\/1"}],"replies":[{"embeddable":true,"href":"https:\/\/fazamd.pl\/index.php\/wp-json\/wp\/v2\/comments?post=64"}],"version-history":[{"count":12,"href":"https:\/\/fazamd.pl\/index.php\/wp-json\/wp\/v2\/pages\/64\/revisions"}],"predecessor-version":[{"id":280,"href":"https:\/\/fazamd.pl\/index.php\/wp-json\/wp\/v2\/pages\/64\/revisions\/280"}],"wp:attachment":[{"href":"https:\/\/fazamd.pl\/index.php\/wp-json\/wp\/v2\/media?parent=64"}],"curies":[{"name":"wp","href":"https:\/\/api.w.org\/{rel}","templated":true}]}}